30b (base 12) to base 14.
-3d5523
What is -1111101102200 (base 3) in base 2?
-11000010000100101101
What is 57ece (base 16) in base 3?
200022000121
What is 400100 (base 7) in base 10?
67277
What is 3120223023 (base 4) in base 15?
127e69
33032230010 (base 4) to base 11
2287546
What is -1201021001 (base 4) in base 15?
-7cd5e
565b73 (base 12) to base 7
14502036
What is 22202222020 (base 3) in base 4?
222023100
What is 23346255 (base 7) in base 11?
1189447
What is 860b7 (base 12) in base 10?
176395
Convert 2103203133 (base 4) to base 12.
251913
What is 164146 (base 7) in base 2?
111111110011100
Convert -65222 (base 12) to base 10.
-133370
Convert -434aa3 (base 15) to base 11.
-189a19a
What is -10111101010011111 (base 2) in base 4?
-113222133
-437633 (base 9) to base 13
-92043
What is -1001255250 (base 6) in base 12?
-3494526
Convert 143640 (base 9) to base 3.
11110201100
What is -334010410 (base 5) in base 6?
-51255052
What is 211120101202200 (base 3) in base 9?
24511680
-50315404 (base 6) to base 3
-2200102110111
-303231031 (base 4) to base 5
-23234124
Convert -2883 (base 15) to base 10.
-8673
Convert -2000100012101 (base 3) to base 11.
-670663
What is -1008246 (base 10) in base 5?
-224230441
112314031 (base 6) to base 15
2b0c31
What is -33334232 (base 5) in base 13?
-a3518
Convert 2551424 (base 10) to base 9.
4717805
What is 21021211102210 (base 3) in base 7?
44634054
What is 1001020110210 (base 3) in base 9?
1036423
Convert -1100011101111000011 (base 2) to base 3.
-202202101012
What is 137693 (base 11) in base 3?
101221002101
178233 (base 10) to base 13
63183
3307d (base 16) to base 2
110011000001111101
What is -12561726 (base 8) in base 4?
-22232033112
-10221210020210 (base 3) to base 9
-3853223
What is -1926279 (base 11) in base 12?
-1111934
What is -b0aa14 (base 12) in base 6?
-135022424
What is 1623106 (base 7) in base 13?
7b18a
Convert -4b2b374 (base 12) to base 9.
-30658307
805750 (base 9) to base 2
1110100010111101001
Convert 14022412 (base 5) to base 15.
2c222
-120096 (base 10) to base 15
-258b6
What is -54736 (base 11) in base 7?
-450350
-27514415 (base 8) to base 11
-3554909
What is -118ad9 (base 14) in base 6?
-20511211
Convert 17821cb (base 14) to base 5.
10432414440
2440432421 (base 5) to base 4
112013002102
-5733732 (base 8) to base 12
-62b64a
-136168 (base 11) to base 7
-1545305
Convert -112103201002 (base 4) to base 7.
-100461646
Convert -20534323 (base 6) to base 10.
-603627
Convert -13301123202 (base 4) to base 15.
-2a3a69
Convert -16325612 (base 7) to base 14.
-2d4342
-46b32 (base 12) to base 15
-1d1de
Convert 121035242 (base 6) to base 11.
1325469
-17713 (base 9) to base 14
-4667
87600 (base 11) to base 8
370303
What is -615701 (base 8) in base 13?
-71953
Convert ecae1 (base 15) to base 7.
6250402
What is -11021222122 (base 3) in base 14?
-22b58
-220011111112101 (base 3) to base 2
-110000111111100010101101
61325 (base 14) to base 7
1662545
What is 15842 (base 10) in base 3?
210201202
442345 (base 6) to base 5
2134412
220340 (base 6) to base 11
12805
What is -238179 (base 10) in base 13?
-84546
What is 266160 (base 8) in base 9?
151872
14b256b (base 12) to base 8
20045643
a62d5 (base 16) to base 12
289a99
Convert 132241651 (base 7) to base 16.
81ec3b
-1010101110010000000 (base 2) to base 12
-14b400
Convert -13389 (base 14) to base 8.
-134375
What is -76cd52 (base 14) in base 13?
-ab18c6
b6c6a (base 14) to base 10
441486
What is -120302023311 (base 4) in base 3?
-110020002020010
-11112001222010 (base 3) to base 11
-13a1258
-21436142 (base 8) to base 9
-8585080
What is -4625586 (base 9) in base 11?
-14562a0
What is -2552436 (base 7) in base 14?
-8911d
What is 10a560 (base 12) in base 9?
446110
What is -3377912 (base 11) in base 4?
-112203003112
Convert 45b66 (base 12) to base 7.
535566
Convert 111100101110110111 (base 2) to base 12.
bbb5b
Convert 2717104 (base 9) to base 14.
2aa39c
What is 9427f (base 16) in base 14?
11b223
What is -1144153004 (base 6) in base 2?
-110001111001000000111100
Convert -14421 (base 13) to base 15.
-b41c
Convert 149466 (base 13) to base 12.
204a46
Convert -1737641 (base 9) to base 15.
-14267d
Convert 481961 (base 15) to base 10.
3447991
Convert -4346413 (base 7) to base 2.
-10000010000110010101
What is -542033 (base 6) in base 7?
-243534
What is -3062375 (base 12) in base 16?
-8aa589
Convert -109727 (base 12) to base 13.
-93a72
Convert 12342245 (base 6) to base 9.
672752
What is -25112 (base 6) in base 2?
-111010000100
Convert -275a143 (base 11) to base 8.
-22113252
What is 63714 (base 15) in base 8?
1150115
1111212202022 (base 3) to base 14
16d33d
Convert 14211 (base 8) to base 2.
1100010001001
What is 10302110 (base 6) in base 15?
5eee3
Convert -225343 (base 6) to base 3.
-222120000
What is 14e3c (base 16) in base 15?
1a544
-12111122222 (base 3) to base 16
-1a759
Convert -1121bc (base 14) to base 15.
-b7710
Convert -29bcb8 (base 13) to base 4.
-3322132331
Convert 1101000111100001111 (base 2) to base 7.
3440114
What is -2013167 (base 8) in base 9?
-887062
What is 122210122012210 (base 3) in base 10?
9460389
-243333 (base 6) to base 12
-10549
What is 42103 (base 6) in base 11?
4281
Convert -1471303 (base 9) to base 15.
-111529
-64596 (base 12) to base 14
-36242
What is c4599 (base 13) in base 9?
586466
-13a4734 (base 14) to base 12
-32406b6
Convert 147113 (base 11) to base 8.
677313
-1101101000100000001011 (base 2) to base 10
-3573771
325477 (base 16) to base 14
61c099
Convert -2406784 (base 11) to base 7.
-50444653
Convert 1378743 (base 11) to base 14.
45935d
54062 (base 9) to base 14
d077
Convert -142037 (base 10) to base 2.
-100010101011010101
What is -11202110200011 (base 3) in base 2?
-1001101001010110010110
Convert 272553 (base 8) to base 12.
473a3
-712520 (base 8) to base 10
-234832
242302113 (base 6) to base 2
10001100010000101111101
What is 10010110100010000 (base 2) in base 12?
38728
What is 716533 (base 10) in base 13?
1c11ac
Convert 14a023 (base 15) to base 13.
28b261
What is 220001 (base 5) in base 13?
3550
What is -248354 (base 13) in base 8?
-3254746
Convert -208051 (base 11) to base 9.
-556464
Convert 1707404 (base 8) to base 12.
1ba804
Convert 2b834a (base 14) to base 5.
342131310
What is 8b208 (base 14) in base 11?
210973
What is 101440 (base 8) in base 2?
1000001100100000
What is -3a5a (base 14) in base 4?
-2200200
-11181648 (base 10) to base 3
-210001002100010
Convert 5635242 (base 9) to base 13.
823598
84bbb1 (base 13) to base 15
416a8d
Convert 212033152 (base 6) to base 11.
21227aa
Convert 2120021110010 (base 3) to base 11.
851508
What is 2020222220001 (base 3) in base 16?
1251c7
What is 224235610 (base 7) in base 2?
110100001110010100000101
-6c5b88 (base 13) to base 9
-4766735
What is 33321000 (base 4) in base 3?
10022021200
What is 12123101021 (base 4) in base 8?
6332111
Convert -101010101101010001 (base 2) to base 10.
-174929
Convert 412114 (base 6) to base 14.
bda6
What is 10377663 (base 9) in base 3?
100102121202010
What is 6732482 (base 9) in base 8?
15645150
What is 2257193 (base 10) in base 8?
10470451
What is -120a20 (base 11) in base 10?
-191565
What is -59b06 (base 12) in base 3?
-20010201220
What is -311454524 (base 7) in base 9?
-37416415
What is -20aa2a (base 12) in base 6?
-15022454
What is -3311132 (base 4) in base 5?
-1000320
What is 77694 (base 11) in base 13?
3c361
What is -101000110001011 (base 2) in base 7?
-114601
Convert -24305 (base 6) to base 13.
-1817
Convert -4e8d9c (base 16) to base 4.
-103220312130
Convert 246276 (base 8) to base 3.
11022211220
Convert 1521022550 (base 6) to base 10.
19085538
Convert 10242226 (base 8) to base 13.
5b44b3
Convert -315287 (base 9) to base 16.
-2dcca
Convert -2004205 (base 6) to base 15.
-1cdd8
What is -101010011011001110010 (base 2) in base 8?
-5233162
Convert -236074 (base 9) to base 15.
-2c217
What is 7503636 (base 8) in base 16?
1e879e
Convert -110012122100 (base 3) to base 9.
-405570
2240424 (base 8) to base 13
183088
What is -17b44 (base 16) in base 3?
-11221012000
Convert -1000011011001111 (base 2) to base 16.
-86cf
Convert -4565a (base 11) to base 8.
-200732
11303330 (base 5) to base 2
11001010010100110
What is -119899 (base 13) in base 16?
-66cf1
Convert -432696 (base 10) to base 12.
-18a4a0
1020044033 (base 